65. Give d(8).
-11
Let w be 30/6 - 33*1/3. Let o(u) = u**3 + 6*u**2 - 2*u - 18. Give o(w).
-6
Let w be (4/(-8))/((-2)/16). Suppose 5*q - 2 = -4*c - 4, -c - w*q = -5. Let x be -1*(3 + 0 + c). Let u(i) = i**3 - i**2. What is u(x)?
0
Let l(f) = 3*f**3 + 2*f**2 + 2*f + 1. Suppose 4*a - w - 2 = -1, 0 = 3*a - 2*w - 7. What is l(a)?
-2
Let c(b) = 7*b - 14. Let u(m) = 2*m - 2. Let n(i) = c(i) - 5*u(i). What is n(-2)?
2
Let v be ((-2)/3)/(52/78). Let s(o) = 5*o + 3. Give s(v).
-2
Let h(n) = n**2 - 4*n. Let t be 65/39 - 1/(-3). Let p(o) = -11 + 2 + 8 + 13*o - 3*o**t. Let b(j) = -8*h(j) - 3*p(j). Give b(5).
-7
Let b be (0 + 0)*(6 - 5) + 71. Let s = b + -73. Let f(c) = c**3 + c - 1. Determine f(s).
-11
Let f(z) = -z**3 - 5*z**2 + 3*z + 7. Let s be f(-5). Let p(c) = 3 - 17*c + c - 2*c + 11*c + 6*c. Give p(s).
11
Let v(p) be the third derivative of -p**6/120 - 7*p**5/60 + 7*p**4/24 - 4*p**3/3 + 4*p**2 - 6*p. Give v(-8).
0
Let w(b) = -125*b + 5. Let u(i) = -96*i + 4. Let n(d) = 3*u(d) - 2*w(d). Calculate n(1).
-36
Let c(v) = -v**3 - v**2 - 16. Suppose -n + 4 = 0, u + 4*u = -4*n + 16. What is c(u)?
-16
Let a(p) = -p**3 - 4*p**2 + 8*p + 4. Let m = 216 - 221. Calculate a(m).
-11
Let n(b) = b**2 + 4*b + 3. Let i(z) = z**3 + 10*z**2 - 12*z - 17. Let t(w) = w**3 - 15*w**2 + 14*w - 11. Let x be t(14). Let o be i(x). What is n(o)?
15
Let b(g) be the first derivative of g**4/4 + 5*g**3/3 + 2*g**2 - 4*g + 163. Suppose -4*s - 14 = 2. Calculate b(s).
-4
Let i(z) = 20*z - 12. Let v(b) be the first derivative of b**2/2 - b + 1. Let m(u) = -i(u) + 12*v(u). What is m(-1)?
8
Let j(x) = 3*x**3 + 10*x - x - 6*x**2 - 4*x - 6 - 2*x**3. Let q be j(5). Let g(r) = 4*r - 13. Let w(v) = v - 4. Let n(z) = 2*g(z) - 7*w(z). Calculate n(q).
-4
Let l(h) = -2*h + 5. Let k(p) = -p. Suppose -2*c = 2 - 4. Suppose 4*z + 1 = z - 4*x, 5*z - 1 = -4*x. Let v(r) = c*l(r) + z*k(r). Determine v(6).
-13
Let p(l) = -5*l**3 + l**2 + 3. Let b(v) = -12*v**3 + v**2 + v + 7. Let g(f) = -2*b(f) + 5*p(f). Let a be 3/((-3)/6 + 2). Determine g(a).
1
Let f(w) = -3*w**3 - w + 1. Let r(x) = x**3 - 1. Let h(s) = f(s) + 4*r(s). Let j = -13 - -13. Give h(j).
-3
Let n(x) = x**3 - 5*x**2 + 5*x - 4. Suppose 0 = -5*y + 4*a + 40, 4*y - 41 = 4*a + a. Let k be n(y). Let v(r) = -1 + k*r - r**3 - 9*r**3 - 2*r. Calculate v(-1).
11
Let a be 15/(-2)*(-2)/(-3) + 17. Let n(y) = -y**2 + 15*y + 1. Determine n(a).
37
Let r(k) = 2*k + 8. Let o(b) = -b**3 - 5*b**2 - 2*b + 2. Let h be o(-2). Calculate r(h).
-4
Suppose 1 + 1 = 2*f. Suppose 6 = -33*u + 39*u. Let g(o) = 12*o - 4*o + o**2 + u - 4*o - 6*o. Determine g(f).
0
Let g(z) = z**3 - z**2 - 3*z + 1. Let b be (6/9)/(2/3). Suppose 3*c - b = -3*j + 2, -4*c + 34 = -2*j. Suppose f + 15 = c*f. What is g(f)?
10
Suppose 0 = -5*d + 2*o + 38, -5*d + 4*o = -5 - 31. Let j(h) = h**2 - 5*h - 1. Calculate j(d).
23
Let u be (-3)/(-6) - ((-7)/2)/(-7). Suppose -5*s - 3*f - 39 = u, s + f = -0*f - 9. Let c(t) = t**3 + 7*t**2 + 6*t - 3. Determine c(s).
-3
Let l(v) = 6*v + 84. Let g be l(-14). Let k(t) = -2*t - 5. Let h(o) = 5*o + 11. Let r(n) = 3*h(n) + 7*k(n). Determine r(g).
-2
Let f(h) = -h**2 - h - 3. Let r(p) = -5*p**2 - 3*p - 7. Let y(v) = -8*f(v) + 3*r(v). Give y(-2).
-23
Let j(b) = -3*b**3 - 16*b**2 - 8*b - 1. Let n be j(-5). Let l(k) = -k + 11. What is l(n)?
-3
Suppose 5*h - 5*g = 35, -4*h - 2*g + 19 = 3*g. Let o(f) = f**3 - 5*f**2 - 8*f + 6. Give o(h).
-6
Let d(i) = 8 - 18 + 3 + 12 - i. Give d(11).
-6
Let a(t) = t**2 - t - 4. Let f = 467 - 462. What is a(f)?
16
Let g(h) be the third derivative of h**8/20160 + h**7/720 + h**6/240 - 7*h**5/60 - 11*h**2. Let o(r) be the third derivative of g(r). What is o(-7)?
3
Let j(v) = 7*v**3 - 3*v - 12. Let d(r) = -19*r**3 - r**2 + 8*r + 34. Let q(x) = -4*d(x) - 11*j(x). Let t = 8 - 5. What is q(t)?
8
Let f(c) = c**2 + 4*c - 8. Let y(s) be the first derivative of -s**3 - 4*s**2 - 3*s - 7. Let g be y(-3). Calculate f(g).
4
Suppose -5*t - 7 = 8, 4*t + 12 = b. Let k(y) = y + 1. Determine k(b).
1
Let y(c) be the first derivative of c**4/4 + 7*c**3/3 + 7*c**2/2 + 8*c + 374. Give y(-6).
2
Suppose 2*b + 59 = -5*k, -b - 9*k - 7 = -11*k. Let c(o) = 31*o**2 - 35*o + 8. Let z(v) = 11*v**2 - 12*v + 3. Let s(y) = b*z(y) + 6*c(y). Determine s(-2).
5
Let c(k) = 14*k + 12. Let f be c(-5). Let s = f + 52. Let h(t) be the first derivative of -t**4/4 - 7*t**3/3 - 7*t**2/2 - t + 1. Determine h(s).
5
Let s be (-2)/2 - (12 + (-18 - -10)). Let v(u) = u**2 + 5*u + 6. Determine v(s).
6
Let h be (-5 + 7)*((-25)/2)/5. Let t(c) = c**2 + 8*c + 5. Calculate t(h).
-10
Let u(a) = -2*a + 5. Let r(z) be the first derivative of -6*z**2 + 29*z - 9. Let n(d) = -6*r(d) + 34*u(d). Give n(3).
8
Let o(k) = -2*k**2 - 2 + 3*k**2 - 5*k - 3. Suppose 4 - 1 = 3*h - 5*i, 2*i - 30 = -4*h. Let b = -1 + h. Determine o(b).
-5
Let d(g) = -5*g**2 + 19*g + 1. Let c be d(4). Let a(k) = -3*k - 2. What is a(c)?
7
Let d(w) = w + 12. Let x = -160 - -77. Let u = 74 + x. Determine d(u).
3
Let c(b) = b**2 - 3. Let n be 0 + 4 - (-8)/(-2). Suppose n = -12*z + 15*z + 9. Determine c(z).
6
Let i be 249/12 - 8/(-32). Suppose -4*g = -3*j + 25, 2*g + 3*j = 5*g + i. Let k be (-4 + 42/8)*g. Let m(r) = -r - 7. What is m(k)?
-2
Let u(w) = 4*w + 4*w - 5*w - 8. Let i(n) = -n**3 - 35*n**2 + 2*n + 76. Let c be i(-35). Calculate u(c).
10
Let h(u) = -1 + 13*u + 5*u + 9*u - 30*u. Determine h(1).
-4
Let n(o) = 4 - 10*o**2 + 30*o**2 - 1 + o**3 + o - 12*o**2. Determine n(-8).
-5
Let r(p) = 7*p - 10. Let q be (-1)/2*(-5 - (-2 + 7)). Give r(q).
25
Let b(f) = f**2 + 4*f + 1. Let m be (-15)/20*20/15. Give b(m).
-2
Suppose 0 = 3*t - 5*t - 24. Let r = t + 18. Let u(w) be the first derivative of w**2/2 - 4*w + 161. Calculate u(r).
2
Let j(x) = x - 24 + 29 - 2*x + 2*x. What is j(-5)?
0
Suppose 4*o + j + 13 = 0, -5*o + 3*j + 3 = -2. Let k be o/(-12) + 248/(-48). Let a(w) = -w - 7. Determine a(k).
-2
Suppose 5*s = f + 11, 3*s - 2*f = 3*f + 11. Let l(z) = z - 2*z**3 + 0 - 4*z - 2*z**2 - z**s - 1. Determine l(-2).
9
Let w(u) = 5*u + 5. Let j = -126 + 120. Let b(h) = 11*h + 10. Let p(c) = j*b(c) + 13*w(c). Give p(7).
-2
Let j(h) = h**2 + h + 1. Let c(s) = s**2 + s. Let b(n) = -6*c(n) + 4*j(n). Give b(-4).
-20
Let v(n) = 4 - 6 - 7 + 2*n. Let p = -4 + 10. Suppose -5*r = 5*c - 50, r + 0*c - 3*c = -p. Calculate v(r).
3
Let o(h) = -h + 3. Let k(r) = 7*r - 22. Let m be k(2). Give o(m).
11
Let b be 7*-1*(-3 + 5 + -3). Let z(x) = 3 + 4 + x - 2*x + 3. Determine z(b).
3
Suppose 0 = -7*g + 2*g + 140. Let u(y) = 44 - 22 - y - g. Determine u(5).
-11
Let x(h) = -h**3 - 10*h**2 - h - 11. Let n(y) = -y**3 - 11*y**2 - 12. Suppose 0 = 3*u - 6 - 3. Let q(s) = u*n(s) - 4*x(s). Give q(-7).
-20
Let d be ((-20)/(-25))/((-2)/10). Let i be 5 - 5*(5 + d). Let k(n) = -n**2 + n - 3. Calculate k(i).
-3
Let k be (6/(-8))/(4/(-16)). Suppose 0*c - k = -c. Let f(m) = 5*m**2 - m**2 + 35*m**3 + 3*m - 33*m**c. Determine f(-2).
-6
Suppose -c - 97 = -o - 2*o, -20 = -4*c. Let p(z) = o*z - 2 + 0 - 33*z. Let k = -2 + 4. Calculate p(k).
0
Let t(f) = -2*f**2 + f + 1. Let l be t(0). Let n(z) = 27*z**2 - 2*z + 1. Calculate n(l).
26
Let i(c) = -2*c**3 + 17*c**2 + 22*c + 12. Let t(r) = -r**3 + 9*r**2 + 12*r + 6. Let s(n) = -4*i(n) + 7*t(n). Give s(5).
-26
Let z(j) = j**2 - 2. Suppose 9*c = 11*c - 16. Suppose -4*i + 5*i = c. Let p be -4 + (-5)/(-10)*i. What is z(p)?
-2
Let p = -1 - -7. Let w(g) be the first derivative of g**3/3 - 9*g**2/2 - 8*g - 1. Let b(l) be the first derivative of w(l). What is b(p)?
3
Let c(m) be the third derivative of -m**4/8 + 17*m**3/6 + 5*m**2. Give c(13).
-22
Let b(f) be the second derivative of -f**4/3 - f**3/3 - 7*f. Let s be (-8)/16 + 26/4. Suppose 0 = -j - 2*j - s. Determine b(j).
-12
Let v = 260 - 260. Let p(u) = -u**3 + u**2 - u + 5. What is p(v)?
5
Let z(x) = 2*x - x - 97 + 96. Suppose -5*a + 5*g - 35 = 0, a = -4*g + 2*g + 8. Let i be z(a). Let d(r) = -r**3 - 3*r**2 + 3. Calculate d(i).
3
Suppose 0*y - 4*r + 13 = y, 3*y - 3*r = -21. Let k be (2/(-8))/((-3)/24). Let q(l) = 2*l - 48 + 49 - 6*l - 4*l**k + 2*l**2. Give q(y).
-5
Let k(d) = -2*d**2 + 2*d - 1. Let w(a) = 7*a**2 - 16*a. Let y(x) = -4*k(x) - w(x). Calculate y(-4).
-12
Let o(j) = j**3 - 2*j**2 + 3*j + 1. Let f be (96/(-15))/8*5/(-2). Calculate o(f).
7
Let s(u) = 1 - 6 + 8*u - 263*u**2 + 264*u**2. Calculate